{"id":209,"date":"2024-10-12T20:35:14","date_gmt":"2024-10-12T23:35:14","guid":{"rendered":"https:\/\/mensagensperdidas.com\/?page_id=209"},"modified":"2026-02-13T20:46:39","modified_gmt":"2026-02-13T23:46:39","slug":"7-parecer-ou-ser","status":"publish","type":"page","link":"https:\/\/mensagensperdidas.com\/index.php\/7-parecer-ou-ser\/","title":{"rendered":"7 &#8211; Parecer ou Ser"},"content":{"rendered":"\n<blockquote class=\"wp-block-quote is-layout-flow wp-block-quote-is-layout-flow\">\n<p class=\"has-medium-font-size\">&#8220;A beleza de voc\u00eas n\u00e3o deve estar nos enfeites exteriores, como cabelos tran\u00e7ados e joias de ouro ou roupas finas. Ao contr\u00e1rio, esteja no ser interior, que n\u00e3o perece, beleza demonstrada num esp\u00edrito d\u00f3cil e tranquilo, o que \u00e9 de grande valor para Deus&#8221;.<\/p>\n\n\n\n<p class=\"has-medium-font-size\"><strong>1\u00aa Carta de Pedro, 3.3-4<\/strong><\/p>\n\n\n\n<hr class=\"wp-block-separator has-alpha-channel-opacity\"\/>\n\n\n\n<p class=\"has-medium-font-size\">&#8220;O SENHOR, contudo, disse a Samuel: &#8216;N\u00e3o considere sua apar\u00eancia nem sua altura, pois eu o rejeitei. O SENHOR n\u00e3o v\u00ea como o homem: o homem v\u00ea a apar\u00eancia, mas o SENHOR v\u00ea o cora\u00e7\u00e3o&#8221;.<\/p>\n\n\n\n<p class=\"has-medium-font-size\"><strong>1\u00ba Samuel, 16.7<\/strong><\/p>\n\n\n\n<hr class=\"wp-block-separator has-alpha-channel-opacity\"\/>\n\n\n\n<p class=\"has-medium-font-size\">&#8220;Nada fa\u00e7am por ambi\u00e7\u00e3o ego\u00edsta ou por vaidade, mas humildemente considerem os outros superiores a si mesmos&#8221;.<\/p>\n\n\n\n<p class=\"has-medium-font-size\"><strong>Filipenses, 2.3<\/strong><\/p>\n\n\n\n<hr class=\"wp-block-separator has-alpha-channel-opacity\"\/>\n\n\n\n<p class=\"has-medium-font-size\">&#8220;Filhinhos, n\u00e3o amemos de palavra nem de boca, mas em a\u00e7\u00e3o e em verdade&#8221;.<\/p>\n\n\n\n<p class=\"has-medium-font-size\"><strong>1\u00aa Carta de Jo\u00e3o, 3.18<\/strong><\/p>\n\n\n\n<hr class=\"wp-block-separator has-alpha-channel-opacity\"\/>\n<\/blockquote>\n\n\n\n<p class=\"has-medium-font-size\">Diante de todos, aparentemente, colocamos m\u00e1scaras, e aquilo que nos torna aut\u00eanticos fica oculto num interior que poucos, ou ningu\u00e9m, t\u00eam acesso. Nos sentimos desconfort\u00e1veis quando somos revelados, quando veem nossas fraquezas, nossas feiuras. Isso parece ser amplificado nesse mundo de virtualidade social, com seus servi\u00e7os de m\u00eddias, que visam, principalmente, o com\u00e9rcio da imagem. Pode ser que, por causa disso, nos sintamos impelidos a agir de certa forma, assim como falar de determinado jeito, j\u00e1 que todos est\u00e3o sendo vistos e observados. A autenticidade vai pelo ralo, e os discursos passam a ser, al\u00e9m de rasos e n\u00e3o-reflexivos, localizados e produzidos para nichos, bolhas, ou qualquer coisa do tipo.<\/p>\n\n\n\n<p class=\"has-medium-font-size\">As m\u00eddias sociais n\u00e3o deixam de ser, por causa disso, uma ferramenta boa, j\u00e1 que permite uma comunica\u00e7\u00e3o r\u00e1pida e flex\u00edvel, al\u00e9m de ter um pretenso longo alcance entre os seus usu\u00e1rios. Por\u00e9m, como tudo pode ser desvirtuado, isso n\u00e3o \u00e9 diferente com este caso. Ora, pessoas e diversos tipos de organiza\u00e7\u00f5es criam tend\u00eancias, ou as replicam, por meio das m\u00eddias sociais \u2014 e isso pode ser bom, ou mau. No caso das igrejas, pode-se dizer que elas enxergam nessa ferramenta uma boa oportunidade de crescimento. Cultos e mensagens podem ser transmitidos pela internet e alcan\u00e7ar in\u00fameros lares e fam\u00edlias. Devido a esse mercado \u2014 o de m\u00eddias sociais \u2014, surgem servi\u00e7os que prometem facilitar o caminho das igrejas no mundo virtual, propondo um <em>plano de neg\u00f3cios<\/em> focado em crescimento estrat\u00e9gico do n\u00famero de membros. Sutilmente, cada igreja passa a ser concorrente uma da outra. Mas n\u00e3o devemos esquecer que, claro, tudo isso \u00e9 <em>para o estabelecimento do Reino de Deus na Terra<\/em>.<\/p>\n\n\n\n<p class=\"has-medium-font-size\">Mas isso me lembra algo que li em certa fantasia, sobre a estrat\u00e9gia que Sauron (o vil\u00e3o de o Senhor dos An\u00e9is) usou para corromper os Elfos. Veja s\u00f3:<\/p>\n\n\n\n<blockquote class=\"wp-block-quote has-text-align-center is-layout-flow wp-block-quote-is-layout-flow\">\n<p class=\"has-medium-font-size\">&#8220;Mas alhures os Elfos [de Eregion] recebiam [Sauron] contentes, e poucos entre eles escutavam os mensageiros de Lindon pedindo que tivessem cuidado; pois Sauron tomou para si o nome de Annatar, o Senhor das D\u00e1divas, e tinham, no princ\u00edpio, muito proveito de sua amizade. E dizia a eles [falando de sua rejei\u00e7\u00e3o pelos Elfos de Lindon]: &#8216;[&#8230;] <strong>Ser\u00e1 que n\u00e3o desejam ver outras terras se tornarem<\/strong> <strong>t\u00e3o ditosas quanto a deles? Mas por que motivo a Terra-m\u00e9dia deveria permanecer para sempre desolada e sombria, enquanto os Elfos poderiam torn\u00e1-la t\u00e3o bela quanto Eress\u00ad\u00eba e, qui\u00e7\u00e1, tanto quanto Valinor? E j\u00e1 que n\u00e3o retornastes para l\u00e1, como pod\u00edeis, percebo que amais esta Terra-m\u00e9dia como eu amo. N\u00e3o \u00e9 ent\u00e3o nossa tarefa labutar juntos para o seu enriquecimento e para a eleva\u00e7\u00e3o de todas as gentes-\u00e9lficas que vagam aqui sem instru\u00e7\u00e3o \u00e0 altura daquele poder e sem o conhecimento que t\u00eam aqueles que est\u00e3o al\u00e9m-Mar?<\/strong>*&#8221;<\/p>\n\n\n\n<p class=\"has-medium-font-size\">J.R.R. Tolkien &#8211; A Queda de N\u00famenor.<br>*grifo nosso<\/p>\n<\/blockquote>\n\n\n\n<p class=\"has-medium-font-size\">O desejo de deixar as coisas belas levaram os Elfos a forjarem os tais dos An\u00e9is de Poder, e logo, o Senhor das D\u00e1divas, forjou o Um Anel para todos aprisionar nas trevas. Sauron, sabendo que os Elfos tinham, pretensamente, vontade de fazer o bem, usou exatamente isso para engan\u00e1-los; os encheu de soberba e os levou \u00e0 desobedi\u00eancia contra o seu Criador.<\/p>\n\n\n\n<p class=\"has-medium-font-size\">Apesar de serem coisas bem diferentes \u2014 Fantasia e Realidade \u2014 parece existir um paralelo aqui: os Elfos desejavam tornar belo o mundo; as igrejas pretendem trazer pessoas para Jesus. Os An\u00e9is poderiam deixar o mundo cheio de beleza, e as m\u00eddias sociais t\u00eam o potencial de encher as igrejas. O engano se encontra na boa inten\u00e7\u00e3o que n\u00e3o \u00e9 refletida e nem pensada. Deixando o exemplo dos Elfos de lado, e olhando para o caso das igrejas, parece que estas n\u00e3o percebem, ou n\u00e3o querem perceber, como as m\u00eddias sociais se d\u00e3o em nossa realidade. As m\u00eddias sociais funcionam para a venda; \u00e9 um mercado. O inimigo, assim como Sauron, promete mundos e fundos, oferecendo algo aparentemente bom e agrad\u00e1vel, e a princ\u00edpio, sem m\u00e1cula \u2014 <em>uma oportunidade de fazer o bem<\/em>. No entanto, esse \u00e9 um &#8220;presente&#8221; que corr\u00f3i e adoece, sorrateiramente, os cora\u00e7\u00f5es daqueles que, desejando fazer o bem, compram a ideia. Ora, \u00e9 correto afirmar que se uma boa campanha de marketing for feita, uma igreja pode crescer. Mas esse crescimento pode ser apenas em n\u00famero, e n\u00e3o em gente que compreendeu o evangelho e recebeu Cristo no cora\u00e7\u00e3o. Al\u00e9m disso, pode haver incont\u00e1veis pessoas que ficam doentes e feridas nessas &#8220;<em>campanhas de marketing<\/em>&#8220;.<\/p>\n\n\n\n<p class=\"has-medium-font-size\">Com essas coisas em mente, retornemos ao in\u00edcio deste texto. As m\u00eddias sociais visam \u00e0 venda de imagens. Igrejas passam a vender apar\u00eancias e momentos; fotografias que captam o instante da emo\u00e7\u00e3o e v\u00eddeos com m\u00fasicas apaixonadas, instigam poss\u00edveis novos membros, e enchem de orgulho aqueles que j\u00e1 pertencem a tal igreja. Tudo \u00e9 muito perfeito e limpo. \u00c9 uma \u00f3tima estrat\u00e9gia para fazer o Reino de Deus crescer, esquecendo que \u00e9 Deus quem d\u00e1 esse crescimento. As igrejas se tornam um lugar de experi\u00eancia e deixam de ser um local de convers\u00e3o. Tudo \u00e9 teatral e falso. O pior \u00e9 que ningu\u00e9m se d\u00e1 conta dessa ilus\u00e3o.<\/p>\n\n\n\n<p class=\"has-medium-font-size\">Por ter que aparecer nas m\u00eddias, deixamos nossa autenticidade, e esquecemos nossa originalidade e identidade. Nos enchemos de soberbas e enfeites, e fingimos ser algo que n\u00e3o somos para cativar as redes. \u00c9 mais importante parecer do que ser. Escolhemos viver no virtual, que mais nos isola do que aproxima, e dizemos que \u00e9 um avan\u00e7o moderno da igreja \u2014 escolhemos viver de apar\u00eancias, e n\u00e3o de atitudes. Pode ser que irm\u00e3os e irm\u00e3s de idade sejam esquecidos em suas casas, j\u00e1 que existe a transmiss\u00e3o ao vivo e on-line do culto. \u00c9 mais f\u00e1cil deixar os fracos em casa, do que algu\u00e9m ir at\u00e9 eles para os buscar para ter comunh\u00e3o com a comunidade. A rede isola e enfraquece a igreja, que, para sobreviver, deve parecer ser atraente no virtual.<\/p>\n\n\n\n<p class=\"has-medium-font-size\">Hoje, para vender nossa imagem para os outros que nos veem, precisamos de equipes de m\u00eddia, processos criativos \u2014 coisa de empresa; coisa de neg\u00f3cio. N\u00e3o demorar\u00e1 muito tempo para as igrejas terem um minist\u00e9rio de conten\u00e7\u00e3o de danos, pois tudo o que \u00e9 fundado em falsidade, mais cedo, ou mais tarde, perece e cai. Cabe colocar aqui que, essa falsidade a qual me refiro, n\u00e3o \u00e9 proposital, mas nasce nesse anseio de aparecer, de se mostrar, de se vender.  Mas \u00e9 nessa necessidade de manter as apar\u00eancias que as coisas quebram e se destroem. Somos v\u00edtimas do deslumbramento tecnol\u00f3gico e, principalmente, da nossa falta de reflex\u00e3o.<\/p>\n\n\n\n<p class=\"has-medium-font-size\">As igrejas n\u00e3o s\u00e3o, e nem devem ser como empresas, ou como casas de festas para vender uma experi\u00eancia para o seu p\u00fablico-alvo. Igreja \u00e9 o local onde dois ou tr\u00eas se re\u00fanem em nome do Senhor para ador\u00e1-lo. \u00c9 local de convers\u00e3o e arrependimento de pecados. \u00c9 onde as diferen\u00e7as do rico e do pobre acabam, onde ambos podem se ver como iguais; \u00e9 onde podem se chamar de irm\u00e3os. \u00c9 ali que a dor e a alegria s\u00e3o compartilhadas, e onde n\u00e3o h\u00e1 prefer\u00eancias por certas pessoas e rejei\u00e7\u00e3o de outras. \u00c9 na igreja, firmada em Cristo, que as classes acabam. Como diz Paulo: &#8220;Nessa nova vida j\u00e1 n\u00e3o h\u00e1 diferen\u00e7a entre grego e judeu, circunciso e incircunciso, b\u00e1rbaro e cita, escravo e livre, mas Cristo \u00e9 tudo e est\u00e1 em todos&#8221; (Colossenses, 3. 11).<\/p>\n\n\n\n<p class=\"has-medium-font-size\">Se procurarmos ser, ao inv\u00e9s de parecer ser; se nos preocuparmos mais em seguir os ensinamentos de Cristo, do que montar a postagem perfeita para as redes, brilharemos a luz do evangelho e o Esp\u00edrito Santo tocar\u00e1 os cora\u00e7\u00f5es daqueles que nos cercam. Ser\u00e1 aut\u00eantico porque n\u00e3o haver\u00e1 preocupa\u00e7\u00e3o de se mostrar para os outros. Simplesmente estaremos sendo aquilo que o Senhor nos mandou ser. Ora, as mensagens, estas, sim, devem ser gravadas e disseminadas pela rede. Por\u00e9m, a igreja se d\u00e1 no real, no mundo f\u00edsico, no contato m\u00fatuo de um com o outro. No virtual h\u00e1 apenas apar\u00eancias. Apenas no mundo real que podemos ser quem devemos ser.<\/p>\n\n\n\n<p class=\"has-medium-font-size\"><\/p>\n","protected":false},"excerpt":{"rendered":"<p>Diante de todos, aparentemente, colocamos m\u00e1scaras, e aquilo que nos torna aut\u00eanticos fica oculto num interior que poucos, ou ningu\u00e9m, t\u00eam acesso. Nos sentimos desconfort\u00e1veis quando somos revelados, quando veem nossas fraquezas, nossas feiuras. Isso parece ser amplificado nesse mundo de virtualidade social, com seus servi\u00e7os de m\u00eddias, que visam, principalmente, o com\u00e9rcio da imagem. [&hellip;]<\/p>\n","protected":false},"author":1,"featured_media":968,"parent":0,"menu_order":0,"comment_status":"closed","ping_status":"closed","template":"","meta":{"site-sidebar-layout":"default","site-content-layout":"","ast-site-content-layout":"default","site-content-style":"default","site-sidebar-style":"default","ast-global-header-display":"","ast-banner-title-visibility":"","ast-main-header-display":"","ast-hfb-above-header-display":"","ast-hfb-below-header-display":"","ast-hfb-mobile-header-display":"","site-post-title":"","ast-breadcrumbs-content":"","ast-featured-img":"","footer-sml-layout":"","ast-disable-related-posts":"","theme-transparent-header-meta":"","adv-header-id-meta":"","stick-header-meta":"","header-above-stick-meta":"","header-main-stick-meta":"","header-below-stick-meta":"","astra-migrate-meta-layouts":"default","ast-page-background-enabled":"default","ast-page-background-meta":{"desktop":{"background-color":"var(--ast-global-color-4)","background-image":"","background-repeat":"repeat","background-position":"center center","background-size":"auto","background-attachment":"scroll","background-type":"","background-media":"","overlay-type":"","overlay-color":"","overlay-opacity":"","overlay-gradient":""},"tablet":{"background-color":"","background-image":"","background-repeat":"repeat","background-position":"center center","background-size":"auto","background-attachment":"scroll","background-type":"","background-media":"","overlay-type":"","overlay-color":"","overlay-opacity":"","overlay-gradient":""},"mobile":{"background-color":"","background-image":"","background-repeat":"repeat","background-position":"center center","background-size":"auto","background-attachment":"scroll","background-type":"","background-media":"","overlay-type":"","overlay-color":"","overlay-opacity":"","overlay-gradient":""}},"ast-content-background-meta":{"desktop":{"background-color":"var(--ast-global-color-5)","background-image":"","background-repeat":"repeat","background-position":"center center","background-size":"auto","background-attachment":"scroll","background-type":"","background-media":"","overlay-type":"","overlay-color":"","overlay-opacity":"","overlay-gradient":""},"tablet":{"background-color":"var(--ast-global-color-5)","background-image":"","background-repeat":"repeat","background-position":"center center","background-size":"auto","background-attachment":"scroll","background-type":"","background-media":"","overlay-type":"","overlay-color":"","overlay-opacity":"","overlay-gradient":""},"mobile":{"background-color":"var(--ast-global-color-5)","background-image":"","background-repeat":"repeat","background-position":"center center","background-size":"auto","background-attachment":"scroll","background-type":"","background-media":"","overlay-type":"","overlay-color":"","overlay-opacity":"","overlay-gradient":""}},"footnotes":""},"class_list":["post-209","page","type-page","status-publish","has-post-thumbnail","hentry"],"_links":{"self":[{"href":"https:\/\/mensagensperdidas.com\/index.php\/wp-json\/wp\/v2\/pages\/209","targetHints":{"allow":["GET"]}}],"collection":[{"href":"https:\/\/mensagensperdidas.com\/index.php\/wp-json\/wp\/v2\/pages"}],"about":[{"href":"https:\/\/mensagensperdidas.com\/index.php\/wp-json\/wp\/v2\/types\/page"}],"author":[{"embeddable":true,"href":"https:\/\/mensagensperdidas.com\/index.php\/wp-json\/wp\/v2\/users\/1"}],"replies":[{"embeddable":true,"href":"https:\/\/mensagensperdidas.com\/index.php\/wp-json\/wp\/v2\/comments?post=209"}],"version-history":[{"count":86,"href":"https:\/\/mensagensperdidas.com\/index.php\/wp-json\/wp\/v2\/pages\/209\/revisions"}],"predecessor-version":[{"id":733,"href":"https:\/\/mensagensperdidas.com\/index.php\/wp-json\/wp\/v2\/pages\/209\/revisions\/733"}],"wp:featuredmedia":[{"embeddable":true,"href":"https:\/\/mensagensperdidas.com\/index.php\/wp-json\/wp\/v2\/media\/968"}],"wp:attachment":[{"href":"https:\/\/mensagensperdidas.com\/index.php\/wp-json\/wp\/v2\/media?parent=209"}],"curies":[{"name":"wp","href":"https:\/\/api.w.org\/{rel}","templated":true}]}}