{"id":277,"date":"2025-09-04T18:46:00","date_gmt":"2025-09-04T21:46:00","guid":{"rendered":"https:\/\/mensagensperdidas.com\/?page_id=277"},"modified":"2026-02-14T21:05:36","modified_gmt":"2026-02-15T00:05:36","slug":"o-funeral","status":"publish","type":"page","link":"https:\/\/mensagensperdidas.com\/index.php\/o-funeral\/","title":{"rendered":"O Funeral"},"content":{"rendered":"\n<p class=\"has-medium-font-size\">O corpo vazio estava l\u00e1, naquele caix\u00e3o recheado de flores brancas e amarelas. Tinha-se a impress\u00e3o de que dormia um sono tranquilo \u2014 aquele sono gostoso que se tem toda segunda-feira antes do despertador berrar. Albuquerque Amaro da Silva estava em paz \u2014 ao menos era o que seu rosto dizia \u2014, por\u00e9m, ao seu redor havia choro, indigna\u00e7\u00e3o e reflex\u00e3o. Bem, a morte faz parte da vida, mas n\u00e3o \u00e9 algo desejado, apesar de ser inesperadamente esperada. E Albuquerque e sua fam\u00edlia n\u00e3o esperavam que tudo aquilo fosse acontecer assim, t\u00e3o de repente.<\/p>\n\n\n\n<p class=\"has-medium-font-size\">Fiquei um tempo observando aquelas pobres almas aflitas, pegas de surpresa pelo mal s\u00fabito do falecido. Como estavam desoladas e inconsol\u00e1veis! Alguns funcion\u00e1rios do cremat\u00f3rio, t\u00e3o acostumados com a morte, olhavam para aquela fam\u00edlia grande e baixavam os olhos, pensando sobre a vida e suas esquisitices. Pois \u00e9&#8230; a morte tem disso: \u00e9 no momento dela que paramos para refletir sobre a vida, sobre nossas escolhas e sobre o acaso. E quem diria que o infeliz Albuquerque morreria repentinamente naquela cal\u00e7ada, nos bra\u00e7os de seu filho que iria casar naquele m\u00eas? E agora, naquele momento f\u00fanebre, Ros\u00e2ngela Vieira, a vi\u00fava, se perguntava: &#8220;o que ser\u00e1 de mim?&#8221;, e seu filho, a triste testemunha da trag\u00e9dia, refletia profundamente sobre o porqu\u00ea de ter acontecido exatamente naquele momento e naquele dia. Quest\u00f5es sem respostas.<\/p>\n\n\n\n<p class=\"has-medium-font-size\">Ao que me parece, a morte \u00e9 como um ponto final na hist\u00f3ria das criaturas. N\u00e3o permite retorno, muito menos corre\u00e7\u00f5es posteriores. \u00c9 como se ela manifestasse o que a pessoa representou em vida. \u00c9 como se apresentasse uma obra acabada&#8230; ou inacabada \u2014 h\u00e1 obras que terminam sem serem finalizadas. Se o sujeito foi gentil na maior parte de sua hist\u00f3ria, \u00e9 isso que permanecer\u00e1 nos cora\u00e7\u00f5es dos vivos; se foi rude e arrogante, pode ser que algu\u00e9m tenha p\u00e9ssimas lembran\u00e7as desse ser; ou, ainda, se a pessoa foi m\u00e1, mas se arrependeu de sua maldade, e se transformou num po\u00e7o de bondade e virtude, \u00e9 bem capaz de que seja lembrada como algu\u00e9m regenerado. Os exemplos deixados seguir\u00e3o no interior daqueles que foram deixados para tr\u00e1s. E posso dizer que o bom exemplo de Albuquerque seguiria inscrito no cora\u00e7\u00e3o de Vin\u00edcius Augusto por toda sua vida.<\/p>\n\n\n\n<p class=\"has-medium-font-size\">Vin\u00edcius era o filho que viu o que n\u00e3o gostaria de ter visto. Seu olhar era fixo, mas n\u00e3o era vazio. N\u00e3o chorava, mas estava dilacerado e revoltado. \u00c9 dif\u00edcil aceitar o imprevis\u00edvel quando acontece, pois a incerteza est\u00e1 a\u00ed, para todos&#8230; mas entendo&#8230; ao menos, acho que entendo sua revolta. Naquele dia Vin\u00edcius conversava alegremente com o pai; falavam sobre tudo, mas o foco era a ansiedade do casamento. Pai e filho estavam ansiosos. Ansiosos e felizes.<\/p>\n\n\n\n<p class=\"has-medium-font-size\">Sa\u00edram juntos para comprar p\u00e3o. Vin\u00edcius gostava de acompanhar o pai at\u00e9 a padaria; era um momento s\u00f3 deles. Tudo corria bem, at\u00e9 tudo sair do lugar. Foi na fila do caixa que Albuquerque caiu de repente. O filho reagiu instintivamente e segurou o corpo que ca\u00eda, pesado. A ambul\u00e2ncia veio r\u00e1pido, mas chegou tarde&#8230; Ou talvez j\u00e1 fosse tarde desde cedo&#8230; O senhor Albuquerque morreu \u00e0s 08h53min da manh\u00e3 do dia tr\u00eas de abril de 2053, numa quinta-feira. \u00c9 certo dizer que a vis\u00e3o tenebrosa da morte instant\u00e2nea assombrava a mente do pobre rapaz.<\/p>\n\n\n\n<p class=\"has-medium-font-size\">Aquilo ficou marcado em sua vida.<\/p>\n\n\n\n<p class=\"has-medium-font-size\">\u00c9 natural que ocorra sentimentos de revolta e de tristeza nesses momentos, mas, diante do acaso, s\u00e3o os vivos que devem decidir o que fazer a partir daquele instante. Pode ser que o trauma causado pelo imprevis\u00edvel leve a uma saudade nost\u00e1lgica, onde o exemplo de amor e carinho ser\u00e3o mais lembrados do que a dolorosa separa\u00e7\u00e3o final. Pode ser que o trauma fa\u00e7a florescer sentimentos obscuros, baseados em uma saudade melanc\u00f3lica e sombria, que levem a pessoa para um caminho destrutivo. Vin\u00edcius tinha que escolher&#8230; mas essas escolhas s\u00e3o complicadas&#8230; \u00e9 dif\u00edcil para os humanos lidarem com perdas.<\/p>\n\n\n\n<p class=\"has-medium-font-size\">Mas, posso dizer que Vin\u00edcius conseguiu ter boas escolhas. Foi dif\u00edcil e doloroso aceitar o inesperado, mas o filho de Albuquerque, com a ajuda de sua noiva e de sua m\u00e3e, que tamb\u00e9m sofreram muito, conseguiu deixar a revolta de lado. Nas horas da dificuldade \u00e9 bom ter amigos e gente querida por perto. Ap\u00f3s um ano, Vin\u00edcius se casou com Carolina Soares de Lima e teve dois filhos com ela. Havia alegria na casa deles, mas uma pequena dose de tristeza era percept\u00edvel. Por\u00e9m, n\u00e3o era uma tristeza deprimente; era uma que fazia pensar na vida.<\/p>\n\n\n\n<p class=\"has-medium-font-size\">Houve muitas outras tristezas e alegrias na vida daquele rapaz. Isso \u00e9 comum na vida das criaturas. Agora, avan\u00e7ando bem para frente, pode-se dizer que, curiosamente, a morte de Vin\u00edcius foi esperada. Diferente de seu pai, todos sabiam que, mais cedo ou mais tarde, ele iria embora; j\u00e1 estava bem velho e debilitado e seu c\u00e9rebro, deteriorado. Apesar da incerteza do dia da partida, seus amigos e familiares j\u00e1 estavam conformados. Quando aconteceu, n\u00e3o houve choque. Assim como seu pai, Vin\u00edcius foi um bom homem na medida do poss\u00edvel. Errou como muitos erram; mas acertou, como muitos acertam. Em resumo, fez o poss\u00edvel para ser um bom exemplo. Em seu funeral, seus netos lembravam dos ensinamentos do &#8220;V\u00f4 Vini&#8221;, e refletiram sobre a vida na hora da morte.<\/p>\n","protected":false},"excerpt":{"rendered":"<p>O corpo vazio estava l\u00e1, naquele caix\u00e3o recheado de flores brancas e amarelas. Tinha-se a impress\u00e3o de que dormia um sono tranquilo \u2014 aquele sono gostoso que se tem toda segunda-feira antes do despertador berrar. Albuquerque Amaro da Silva estava em paz \u2014 ao menos era o que seu rosto dizia \u2014, por\u00e9m, ao seu [&hellip;]<\/p>\n","protected":false},"author":1,"featured_media":758,"parent":0,"menu_order":0,"comment_status":"closed","ping_status":"closed","template":"","meta":{"site-sidebar-layout":"default","site-content-layout":"","ast-site-content-layout":"default","site-content-style":"default","site-sidebar-style":"default","ast-global-header-display":"","ast-banner-title-visibility":"","ast-main-header-display":"","ast-hfb-above-header-display":"","ast-hfb-below-header-display":"","ast-hfb-mobile-header-display":"","site-post-title":"","ast-breadcrumbs-content":"","ast-featured-img":"","footer-sml-layout":"","ast-disable-related-posts":"","theme-transparent-header-meta":"","adv-header-id-meta":"","stick-header-meta":"","header-above-stick-meta":"","header-main-stick-meta":"","header-below-stick-meta":"","astra-migrate-meta-layouts":"default","ast-page-background-enabled":"default","ast-page-background-meta":{"desktop":{"background-color":"var(--ast-global-color-4)","background-image":"","background-repeat":"repeat","background-position":"center center","background-size":"auto","background-attachment":"scroll","background-type":"","background-media":"","overlay-type":"","overlay-color":"","overlay-opacity":"","overlay-gradient":""},"tablet":{"background-color":"","background-image":"","background-repeat":"repeat","background-position":"center center","background-size":"auto","background-attachment":"scroll","background-type":"","background-media":"","overlay-type":"","overlay-color":"","overlay-opacity":"","overlay-gradient":""},"mobile":{"background-color":"","background-image":"","background-repeat":"repeat","background-position":"center center","background-size":"auto","background-attachment":"scroll","background-type":"","background-media":"","overlay-type":"","overlay-color":"","overlay-opacity":"","overlay-gradient":""}},"ast-content-background-meta":{"desktop":{"background-color":"var(--ast-global-color-5)","background-image":"","background-repeat":"repeat","background-position":"center center","background-size":"auto","background-attachment":"scroll","background-type":"","background-media":"","overlay-type":"","overlay-color":"","overlay-opacity":"","overlay-gradient":""},"tablet":{"background-color":"var(--ast-global-color-5)","background-image":"","background-repeat":"repeat","background-position":"center center","background-size":"auto","background-attachment":"scroll","background-type":"","background-media":"","overlay-type":"","overlay-color":"","overlay-opacity":"","overlay-gradient":""},"mobile":{"background-color":"var(--ast-global-color-5)","background-image":"","background-repeat":"repeat","background-position":"center center","background-size":"auto","background-attachment":"scroll","background-type":"","background-media":"","overlay-type":"","overlay-color":"","overlay-opacity":"","overlay-gradient":""}},"footnotes":""},"class_list":["post-277","page","type-page","status-publish","has-post-thumbnail","hentry"],"_links":{"self":[{"href":"https:\/\/mensagensperdidas.com\/index.php\/wp-json\/wp\/v2\/pages\/277","targetHints":{"allow":["GET"]}}],"collection":[{"href":"https:\/\/mensagensperdidas.com\/index.php\/wp-json\/wp\/v2\/pages"}],"about":[{"href":"https:\/\/mensagensperdidas.com\/index.php\/wp-json\/wp\/v2\/types\/page"}],"author":[{"embeddable":true,"href":"https:\/\/mensagensperdidas.com\/index.php\/wp-json\/wp\/v2\/users\/1"}],"replies":[{"embeddable":true,"href":"https:\/\/mensagensperdidas.com\/index.php\/wp-json\/wp\/v2\/comments?post=277"}],"version-history":[{"count":22,"href":"https:\/\/mensagensperdidas.com\/index.php\/wp-json\/wp\/v2\/pages\/277\/revisions"}],"predecessor-version":[{"id":767,"href":"https:\/\/mensagensperdidas.com\/index.php\/wp-json\/wp\/v2\/pages\/277\/revisions\/767"}],"wp:featuredmedia":[{"embeddable":true,"href":"https:\/\/mensagensperdidas.com\/index.php\/wp-json\/wp\/v2\/media\/758"}],"wp:attachment":[{"href":"https:\/\/mensagensperdidas.com\/index.php\/wp-json\/wp\/v2\/media?parent=277"}],"curies":[{"name":"wp","href":"https:\/\/api.w.org\/{rel}","templated":true}]}}