{"id":473,"date":"2025-07-28T14:45:25","date_gmt":"2025-07-28T17:45:25","guid":{"rendered":"https:\/\/mensagensperdidas.com\/?page_id=473"},"modified":"2026-02-14T21:00:55","modified_gmt":"2026-02-15T00:00:55","slug":"o-objeto-no-ceu","status":"publish","type":"page","link":"https:\/\/mensagensperdidas.com\/index.php\/o-objeto-no-ceu\/","title":{"rendered":"O Objeto no C\u00e9u"},"content":{"rendered":"\n<p class=\"has-medium-font-size\">O entardecer estava realmente bonito. Era uma surpresa muito agrad\u00e1vel para um dia pregui\u00e7oso de folga. Fui at\u00e9 a minha janela para apreciar aquele c\u00e9u abrasador, com poucas nuvens. Foi ent\u00e3o que vi a &#8220;coisa&#8221;. Pensei ser um bal\u00e3o, mas ao ver o reflexo do sol no objeto, senti uma pontada de ansiedade.<\/p>\n\n\n\n<p class=\"has-medium-font-size\">Eu nunca tinha visto uma coisa daquelas antes. Aquilo pairava pleno no c\u00e9u e parecia exercer alguma for\u00e7a sobre mim. Me senti observado. Olhei para a rua para ver se mais algu\u00e9m estava vendo o OVNI, mas todos que passavam estavam mais preocupados com seus caminhos.<\/p>\n\n\n\n<p class=\"has-medium-font-size\">Quis pegar meu celular para tirar uma foto ou gravar um v\u00eddeo, mas a ansiedade gerada me fez fixar os olhos mais uma vez no objeto. Ele parecia um losango preto ou verde-escuro. N\u00e3o se movia. Eu realmente n\u00e3o sei por quanto tempo fiquei parado na janela, mas, quando me dei conta, o sol j\u00e1 tinha ido embora, e minha casa estava completamente escura. Respirei fundo e balancei a cabe\u00e7a, emocionado.<\/p>\n\n\n\n<p class=\"has-medium-font-size\">N\u00e3o sou de ter medo do escuro, mas confesso que, naquele momento, uma sensa\u00e7\u00e3o ruim pairou sobre mim. Olhei minha sala, completamente tomada pelo breu, e olhei novamente para o c\u00e9u. O objeto tinha ido embora&#8230; Ao menos, parecia ter ido embora. No escuro as coisas tomam formas estranhas \u2014 e \u00e9 pior quando se tem medo. Que bela hora para o meu c\u00e9rebro me pregar pe\u00e7as! Andei com cuidado e quase corri para acender a luz. Que sensa\u00e7\u00e3o de al\u00edvio ver a sala iluminada. Mas, ainda assim, sentia meu cora\u00e7\u00e3o pesado.<\/p>\n\n\n\n<p class=\"has-medium-font-size\">Liguei a tv para tentar me distrair. N\u00e3o estava nem um pouco afim de ter um ataque de ansiedade. Assisti a dois epis\u00f3dios de uma s\u00e9rie bobinha de com\u00e9dia e, em seguida, me levantei para ir ao banheiro. O corredor estava escuro, e  senti minha cabe\u00e7a pesar. Era medo.<\/p>\n\n\n\n<p class=\"has-medium-font-size\">Por mais que eu negasse, eu sabia que esse medo vinha daquela coisa que vi no c\u00e9u. Eu realmente queria saber o que era aquilo, mas, por mais que eu tentasse me animar com a possibilidade de vida fora da Terra, a sensa\u00e7\u00e3o de que o que vi n\u00e3o era bom s\u00f3 crescia. Para piorar, a curiosidade de conhecer o perigo me for\u00e7ava a pensar ainda mais nisso.<\/p>\n\n\n\n<p class=\"has-medium-font-size\">Tentei, durante o caminho para o banheiro, imaginar que esse pavor todo era o famoso medo do desconhecido. &#8220;<em>Ora, n\u00e3o sei o que \u00e9 aquilo, logo esse medo vem disso<\/em>&#8220;, pensei. Por\u00e9m, esse racioc\u00ednio n\u00e3o me ajudava em nada.<\/p>\n\n\n\n<p class=\"has-medium-font-size\">Fiz o que devia fazer e voltei para a sala. Me senti um pouco mais calmo, mas a sensa\u00e7\u00e3o de que o medo poderia retornar ainda era bem presente. Fiz uma refei\u00e7\u00e3o leve e fui para cama tentar dormir. Foi a pior noite que tive em toda minha vida. Eu n\u00e3o consegui pregar o olho e, para piorar, o medo voltou com ainda mais for\u00e7a.<\/p>\n\n\n\n<p class=\"has-medium-font-size\">A cada estalo que eu ouvia, meu cora\u00e7\u00e3o subia para a boca. Eu n\u00e3o tinha coragem de sair da cama e me prendia ao meu len\u00e7ol com for\u00e7a. \u00c0s vezes, eu tinha a impress\u00e3o de ouvir \u2014 ou sentir \u2014 algo na minha cabe\u00e7a. E n\u00e3o parecia ser algo bom. Por\u00e9m, chegou um momento em que o cansa\u00e7o me venceu, e meus olhos come\u00e7aram a fechar sozinhos. Enquanto eu lutava para resistir \u00e0quele sono avassalador, escutei a minha campainha tocar. Eu j\u00e1 n\u00e3o aguentava mais sentir o meu cora\u00e7\u00e3o bater t\u00e3o forte.<\/p>\n\n\n\n<p class=\"has-medium-font-size\">Andei com cautela e cheguei a pensar em pegar uma faca na cozinha, mas n\u00e3o fiz isso. Assim que toquei na ma\u00e7aneta, acordei pela manh\u00e3 com a campainha tocando incessantemente. Levantei com uma baita dor de cabe\u00e7a, abri a porta e era o porteiro do meu pr\u00e9dio. Ele trazia uma encomenda minha. Agradeci ao favor, fechei a porta e deixei a caixa de lado. Minha cabe\u00e7a do\u00eda muito.<\/p>\n\n\n\n<p class=\"has-medium-font-size\">Quando tentei me espregui\u00e7ar, meu corpo inteiro doeu. Me senti mo\u00eddo. Foi ent\u00e3o que percebi tr\u00eas pontinhos vermelhos no meu bra\u00e7o esquerdo. Eram muito sim\u00e9tricos para parecer uma alergia e sens\u00edveis ao toque. Ent\u00e3o, instintivamente fui para a janela. O objeto estava l\u00e1 novamente. Ele parecia me observar, e parecia querer ser visto por mim. Ent\u00e3o a coisa foi embora, me deixando com d\u00favidas sobre minha sanidade.<\/p>\n\n\n\n<p><\/p>\n\n\n\n<p><\/p>\n","protected":false},"excerpt":{"rendered":"<p>O entardecer estava realmente bonito. Era uma surpresa muito agrad\u00e1vel para um dia pregui\u00e7oso de folga. Fui at\u00e9 a minha janela para apreciar aquele c\u00e9u abrasador, com poucas nuvens. Foi ent\u00e3o que vi a &#8220;coisa&#8221;. Pensei ser um bal\u00e3o, mas ao ver o reflexo do sol no objeto, senti uma pontada de ansiedade. Eu nunca [&hellip;]<\/p>\n","protected":false},"author":1,"featured_media":1002,"parent":0,"menu_order":0,"comment_status":"closed","ping_status":"closed","template":"","meta":{"site-sidebar-layout":"default","site-content-layout":"","ast-site-content-layout":"default","site-content-style":"default","site-sidebar-style":"default","ast-global-header-display":"","ast-banner-title-visibility":"","ast-main-header-display":"","ast-hfb-above-header-display":"","ast-hfb-below-header-display":"","ast-hfb-mobile-header-display":"","site-post-title":"","ast-breadcrumbs-content":"","ast-featured-img":"","footer-sml-layout":"","ast-disable-related-posts":"","theme-transparent-header-meta":"","adv-header-id-meta":"","stick-header-meta":"","header-above-stick-meta":"","header-main-stick-meta":"","header-below-stick-meta":"","astra-migrate-meta-layouts":"default","ast-page-background-enabled":"default","ast-page-background-meta":{"desktop":{"background-color":"var(--ast-global-color-4)","background-image":"","background-repeat":"repeat","background-position":"center center","background-size":"auto","background-attachment":"scroll","background-type":"","background-media":"","overlay-type":"","overlay-color":"","overlay-opacity":"","overlay-gradient":""},"tablet":{"background-color":"","background-image":"","background-repeat":"repeat","background-position":"center center","background-size":"auto","background-attachment":"scroll","background-type":"","background-media":"","overlay-type":"","overlay-color":"","overlay-opacity":"","overlay-gradient":""},"mobile":{"background-color":"","background-image":"","background-repeat":"repeat","background-position":"center center","background-size":"auto","background-attachment":"scroll","background-type":"","background-media":"","overlay-type":"","overlay-color":"","overlay-opacity":"","overlay-gradient":""}},"ast-content-background-meta":{"desktop":{"background-color":"var(--ast-global-color-5)","background-image":"","background-repeat":"repeat","background-position":"center center","background-size":"auto","background-attachment":"scroll","background-type":"","background-media":"","overlay-type":"","overlay-color":"","overlay-opacity":"","overlay-gradient":""},"tablet":{"background-color":"var(--ast-global-color-5)","background-image":"","background-repeat":"repeat","background-position":"center center","background-size":"auto","background-attachment":"scroll","background-type":"","background-media":"","overlay-type":"","overlay-color":"","overlay-opacity":"","overlay-gradient":""},"mobile":{"background-color":"var(--ast-global-color-5)","background-image":"","background-repeat":"repeat","background-position":"center center","background-size":"auto","background-attachment":"scroll","background-type":"","background-media":"","overlay-type":"","overlay-color":"","overlay-opacity":"","overlay-gradient":""}},"footnotes":""},"class_list":["post-473","page","type-page","status-publish","has-post-thumbnail","hentry"],"_links":{"self":[{"href":"https:\/\/mensagensperdidas.com\/index.php\/wp-json\/wp\/v2\/pages\/473","targetHints":{"allow":["GET"]}}],"collection":[{"href":"https:\/\/mensagensperdidas.com\/index.php\/wp-json\/wp\/v2\/pages"}],"about":[{"href":"https:\/\/mensagensperdidas.com\/index.php\/wp-json\/wp\/v2\/types\/page"}],"author":[{"embeddable":true,"href":"https:\/\/mensagensperdidas.com\/index.php\/wp-json\/wp\/v2\/users\/1"}],"replies":[{"embeddable":true,"href":"https:\/\/mensagensperdidas.com\/index.php\/wp-json\/wp\/v2\/comments?post=473"}],"version-history":[{"count":15,"href":"https:\/\/mensagensperdidas.com\/index.php\/wp-json\/wp\/v2\/pages\/473\/revisions"}],"predecessor-version":[{"id":761,"href":"https:\/\/mensagensperdidas.com\/index.php\/wp-json\/wp\/v2\/pages\/473\/revisions\/761"}],"wp:featuredmedia":[{"embeddable":true,"href":"https:\/\/mensagensperdidas.com\/index.php\/wp-json\/wp\/v2\/media\/1002"}],"wp:attachment":[{"href":"https:\/\/mensagensperdidas.com\/index.php\/wp-json\/wp\/v2\/media?parent=473"}],"curies":[{"name":"wp","href":"https:\/\/api.w.org\/{rel}","templated":true}]}}