{"id":92,"date":"2024-09-26T16:06:18","date_gmt":"2024-09-26T19:06:18","guid":{"rendered":"https:\/\/mensagensperdidas.com\/?page_id=92"},"modified":"2026-04-19T21:26:21","modified_gmt":"2026-04-20T00:26:21","slug":"contos-esquecidos","status":"publish","type":"page","link":"https:\/\/mensagensperdidas.com\/index.php\/contos-esquecidos\/","title":{"rendered":"Contos Esquecidos"},"content":{"rendered":"\n<div class=\"wp-block-media-text is-stacked-on-mobile\" style=\"grid-template-columns:34% auto\"><figure class=\"wp-block-media-text__media\"><a href=\"https:\/\/mensagensperdidas.com\/index.php\/etterbelle-deve-ser-livre\/\"><img fetchpriority=\"high\" decoding=\"async\" width=\"819\" height=\"1024\" src=\"https:\/\/mensagensperdidas.com\/wp-content\/uploads\/2026\/02\/Etterbelle-deve-ser-livre-819x1024.jpg\" alt=\"\" class=\"wp-image-989 size-full\" srcset=\"https:\/\/mensagensperdidas.com\/wp-content\/uploads\/2026\/02\/Etterbelle-deve-ser-livre-819x1024.jpg 819w, https:\/\/mensagensperdidas.com\/wp-content\/uploads\/2026\/02\/Etterbelle-deve-ser-livre-240x300.jpg 240w, https:\/\/mensagensperdidas.com\/wp-content\/uploads\/2026\/02\/Etterbelle-deve-ser-livre-768x960.jpg 768w, https:\/\/mensagensperdidas.com\/wp-content\/uploads\/2026\/02\/Etterbelle-deve-ser-livre.jpg 1080w\" sizes=\"(max-width: 819px) 100vw, 819px\" \/><\/a><\/figure><div class=\"wp-block-media-text__content\">\n<h2 class=\"wp-block-heading has-ast-global-color-7-color has-text-color has-link-color wp-elements-6c2a78f321bc6ae89d07135cdba64be5\"><a href=\"https:\/\/mensagensperdidas.com\/index.php\/etterbelle-deve-ser-livre\/\">Etterbelle Deve Ser Livre<\/a><\/h2>\n<\/div><\/div>\n\n\n\n<p><\/p>\n\n\n\n<div class=\"wp-block-media-text is-stacked-on-mobile\" style=\"grid-template-columns:34% auto\"><figure class=\"wp-block-media-text__media\"><a href=\"https:\/\/mensagensperdidas.com\/index.php\/o-homem-especial-2\/\"><img decoding=\"async\" width=\"819\" height=\"1024\" src=\"https:\/\/mensagensperdidas.com\/wp-content\/uploads\/2026\/02\/O-Homem-Especial-819x1024.jpg\" alt=\"\" class=\"wp-image-995 size-full\" srcset=\"https:\/\/mensagensperdidas.com\/wp-content\/uploads\/2026\/02\/O-Homem-Especial-819x1024.jpg 819w, https:\/\/mensagensperdidas.com\/wp-content\/uploads\/2026\/02\/O-Homem-Especial-240x300.jpg 240w, https:\/\/mensagensperdidas.com\/wp-content\/uploads\/2026\/02\/O-Homem-Especial-768x960.jpg 768w, https:\/\/mensagensperdidas.com\/wp-content\/uploads\/2026\/02\/O-Homem-Especial.jpg 1080w\" sizes=\"(max-width: 819px) 100vw, 819px\" \/><\/a><\/figure><div class=\"wp-block-media-text__content\">\n<h2 class=\"wp-block-heading has-ast-global-color-7-color has-text-color has-link-color wp-elements-85f4dbebf54cc881566e5b155bd3704b\"><a href=\"https:\/\/mensagensperdidas.com\/index.php\/o-homem-especial-2\/\" data-type=\"page\" data-id=\"496\">O Homem Especial<\/a><\/h2>\n<\/div><\/div>\n\n\n\n<p><\/p>\n\n\n\n<div class=\"wp-block-media-text is-stacked-on-mobile\" style=\"grid-template-columns:34% auto\"><figure class=\"wp-block-media-text__media\"><a href=\"https:\/\/mensagensperdidas.com\/index.php\/apenas-uma-questao-burocratica\/\"><img decoding=\"async\" width=\"819\" height=\"1024\" src=\"https:\/\/mensagensperdidas.com\/wp-content\/uploads\/2026\/02\/Apenas-uma-questao-burocratica-819x1024.jpg\" alt=\"\" class=\"wp-image-997 size-full\" srcset=\"https:\/\/mensagensperdidas.com\/wp-content\/uploads\/2026\/02\/Apenas-uma-questao-burocratica-819x1024.jpg 819w, https:\/\/mensagensperdidas.com\/wp-content\/uploads\/2026\/02\/Apenas-uma-questao-burocratica-240x300.jpg 240w, https:\/\/mensagensperdidas.com\/wp-content\/uploads\/2026\/02\/Apenas-uma-questao-burocratica-768x960.jpg 768w, https:\/\/mensagensperdidas.com\/wp-content\/uploads\/2026\/02\/Apenas-uma-questao-burocratica.jpg 1080w\" sizes=\"(max-width: 819px) 100vw, 819px\" \/><\/a><\/figure><div class=\"wp-block-media-text__content\">\n<h2 class=\"wp-block-heading has-ast-global-color-7-color has-text-color has-link-color wp-elements-86e9973defe233833aebd60320447534\"><a href=\"https:\/\/mensagensperdidas.com\/index.php\/apenas-uma-questao-burocratica\/\" data-type=\"page\" data-id=\"551\">Apenas uma Quest\u00e3o Burocr\u00e1tica<\/a><\/h2>\n<\/div><\/div>\n\n\n\n<p><\/p>\n\n\n\n<div class=\"wp-block-media-text is-stacked-on-mobile\" style=\"grid-template-columns:34% auto\"><figure class=\"wp-block-media-text__media\"><a href=\"https:\/\/mensagensperdidas.com\/index.php\/o-objeto-no-ceu\/\"><img loading=\"lazy\" decoding=\"async\" width=\"819\" height=\"1024\" src=\"https:\/\/mensagensperdidas.com\/wp-content\/uploads\/2026\/02\/O-Objeto-no-Ceu-819x1024.jpg\" alt=\"\" class=\"wp-image-999 size-full\" srcset=\"https:\/\/mensagensperdidas.com\/wp-content\/uploads\/2026\/02\/O-Objeto-no-Ceu-819x1024.jpg 819w, https:\/\/mensagensperdidas.com\/wp-content\/uploads\/2026\/02\/O-Objeto-no-Ceu-240x300.jpg 240w, https:\/\/mensagensperdidas.com\/wp-content\/uploads\/2026\/02\/O-Objeto-no-Ceu-768x960.jpg 768w, https:\/\/mensagensperdidas.com\/wp-content\/uploads\/2026\/02\/O-Objeto-no-Ceu.jpg 1080w\" sizes=\"(max-width: 819px) 100vw, 819px\" \/><\/a><\/figure><div class=\"wp-block-media-text__content\">\n<h2 class=\"wp-block-heading has-black-color has-text-color has-link-color wp-elements-0c4fe912c2b4b6295b30da31c02b22a4\"><a href=\"https:\/\/mensagensperdidas.com\/index.php\/o-objeto-no-ceu\/\" data-type=\"page\" data-id=\"473\">O Objeto no C\u00e9u<\/a><\/h2>\n<\/div><\/div>\n\n\n\n<p><\/p>\n\n\n\n<div class=\"wp-block-media-text is-stacked-on-mobile\" style=\"grid-template-columns:35% auto\"><figure class=\"wp-block-media-text__media\"><a href=\"https:\/\/mensagensperdidas.com\/index.php\/o-funeral\/\"><img loading=\"lazy\" decoding=\"async\" width=\"819\" height=\"1024\" src=\"https:\/\/mensagensperdidas.com\/wp-content\/uploads\/2026\/02\/O-Funeral-819x1024.jpg\" alt=\"\" class=\"wp-image-1003 size-full\" srcset=\"https:\/\/mensagensperdidas.com\/wp-content\/uploads\/2026\/02\/O-Funeral-819x1024.jpg 819w, https:\/\/mensagensperdidas.com\/wp-content\/uploads\/2026\/02\/O-Funeral-240x300.jpg 240w, https:\/\/mensagensperdidas.com\/wp-content\/uploads\/2026\/02\/O-Funeral-768x960.jpg 768w, https:\/\/mensagensperdidas.com\/wp-content\/uploads\/2026\/02\/O-Funeral.jpg 1080w\" sizes=\"(max-width: 819px) 100vw, 819px\" \/><\/a><\/figure><div class=\"wp-block-media-text__content\">\n<h2 class=\"wp-block-heading has-ast-global-color-7-color has-text-color has-link-color wp-elements-ab86a0ab561233ab36d02e51e27f26c5\"><a href=\"https:\/\/mensagensperdidas.com\/index.php\/o-funeral\/\">O Funeral<\/a><\/h2>\n<\/div><\/div>\n\n\n\n<p><\/p>\n\n\n\n<div class=\"wp-block-media-text is-stacked-on-mobile\" style=\"grid-template-columns:35% auto\"><figure class=\"wp-block-media-text__media\"><a href=\"https:\/\/mensagensperdidas.com\/index.php\/um-caso-inquietante\/\"><img loading=\"lazy\" decoding=\"async\" width=\"819\" height=\"1024\" src=\"https:\/\/mensagensperdidas.com\/wp-content\/uploads\/2026\/02\/Um-Caso-Inquietante-819x1024.jpg\" alt=\"\" class=\"wp-image-1005 size-full\" srcset=\"https:\/\/mensagensperdidas.com\/wp-content\/uploads\/2026\/02\/Um-Caso-Inquietante-819x1024.jpg 819w, https:\/\/mensagensperdidas.com\/wp-content\/uploads\/2026\/02\/Um-Caso-Inquietante-240x300.jpg 240w, https:\/\/mensagensperdidas.com\/wp-content\/uploads\/2026\/02\/Um-Caso-Inquietante-768x960.jpg 768w, https:\/\/mensagensperdidas.com\/wp-content\/uploads\/2026\/02\/Um-Caso-Inquietante.jpg 1080w\" sizes=\"(max-width: 819px) 100vw, 819px\" \/><\/a><\/figure><div class=\"wp-block-media-text__content\">\n<h2 class=\"wp-block-heading has-ast-global-color-7-color has-text-color has-link-color wp-elements-01eb7ca18b1b560ca32dbeb7f332bf16\"><a href=\"https:\/\/mensagensperdidas.com\/index.php\/um-caso-inquietante\/\" data-type=\"page\" data-id=\"469\">Um Caso Inquietante<\/a><\/h2>\n<\/div><\/div>\n\n\n\n<p><\/p>\n\n\n\n<div class=\"wp-block-media-text is-stacked-on-mobile\" style=\"grid-template-columns:35% auto\"><figure class=\"wp-block-media-text__media\"><a href=\"https:\/\/mensagensperdidas.com\/index.php\/o-vigia-da-biblioteca\/\"><img loading=\"lazy\" decoding=\"async\" width=\"819\" height=\"1024\" src=\"https:\/\/mensagensperdidas.com\/wp-content\/uploads\/2026\/02\/O-Vigia-da-Biblioteca-819x1024.jpg\" alt=\"\" class=\"wp-image-1112 size-full\" srcset=\"https:\/\/mensagensperdidas.com\/wp-content\/uploads\/2026\/02\/O-Vigia-da-Biblioteca-819x1024.jpg 819w, https:\/\/mensagensperdidas.com\/wp-content\/uploads\/2026\/02\/O-Vigia-da-Biblioteca-240x300.jpg 240w, https:\/\/mensagensperdidas.com\/wp-content\/uploads\/2026\/02\/O-Vigia-da-Biblioteca-768x960.jpg 768w, https:\/\/mensagensperdidas.com\/wp-content\/uploads\/2026\/02\/O-Vigia-da-Biblioteca.jpg 1080w\" sizes=\"(max-width: 819px) 100vw, 819px\" \/><\/a><\/figure><div class=\"wp-block-media-text__content\">\n<h2 class=\"wp-block-heading has-ast-global-color-7-color has-text-color has-link-color wp-elements-d173bb0fa9d24d5513fc320d736e6baf\"><a href=\"https:\/\/mensagensperdidas.com\/index.php\/o-vigia-da-biblioteca\/\">O Vigia da Biblioteca<\/a><\/h2>\n<\/div><\/div>\n\n\n\n<p><\/p>\n\n\n\n<div class=\"wp-block-media-text is-stacked-on-mobile\" style=\"grid-template-columns:35% auto\"><figure class=\"wp-block-media-text__media\"><a href=\"https:\/\/mensagensperdidas.com\/index.php\/fim-de-expediente\/\"><img loading=\"lazy\" decoding=\"async\" width=\"819\" height=\"1024\" src=\"https:\/\/mensagensperdidas.com\/wp-content\/uploads\/2026\/02\/Fim-de-Expediente-819x1024.jpg\" alt=\"\" class=\"wp-image-1162 size-full\" srcset=\"https:\/\/mensagensperdidas.com\/wp-content\/uploads\/2026\/02\/Fim-de-Expediente-819x1024.jpg 819w, https:\/\/mensagensperdidas.com\/wp-content\/uploads\/2026\/02\/Fim-de-Expediente-240x300.jpg 240w, https:\/\/mensagensperdidas.com\/wp-content\/uploads\/2026\/02\/Fim-de-Expediente-768x960.jpg 768w, https:\/\/mensagensperdidas.com\/wp-content\/uploads\/2026\/02\/Fim-de-Expediente.jpg 1080w\" sizes=\"(max-width: 819px) 100vw, 819px\" \/><\/a><\/figure><div class=\"wp-block-media-text__content\">\n<h2 class=\"wp-block-heading has-ast-global-color-7-color has-text-color has-link-color wp-elements-8d56e22055c26b9c41d16d6be3782ec9\"><a href=\"https:\/\/mensagensperdidas.com\/index.php\/fim-de-expediente\/\" data-type=\"page\" data-id=\"1121\">Fim de Expediente<\/a><\/h2>\n<\/div><\/div>\n\n\n\n<p><\/p>\n\n\n\n<div class=\"wp-block-media-text is-stacked-on-mobile\" style=\"grid-template-columns:36% auto\"><figure class=\"wp-block-media-text__media\"><a href=\"https:\/\/mensagensperdidas.com\/index.php\/uma-breve-historia-da-burocracia\/\"><img loading=\"lazy\" decoding=\"async\" width=\"819\" height=\"1024\" src=\"https:\/\/mensagensperdidas.com\/wp-content\/uploads\/2026\/03\/Uma-Breve-Historia-da-Burocracia-819x1024.jpg\" alt=\"\" class=\"wp-image-1181 size-full\" srcset=\"https:\/\/mensagensperdidas.com\/wp-content\/uploads\/2026\/03\/Uma-Breve-Historia-da-Burocracia-819x1024.jpg 819w, https:\/\/mensagensperdidas.com\/wp-content\/uploads\/2026\/03\/Uma-Breve-Historia-da-Burocracia-240x300.jpg 240w, https:\/\/mensagensperdidas.com\/wp-content\/uploads\/2026\/03\/Uma-Breve-Historia-da-Burocracia-768x960.jpg 768w, https:\/\/mensagensperdidas.com\/wp-content\/uploads\/2026\/03\/Uma-Breve-Historia-da-Burocracia.jpg 1080w\" sizes=\"(max-width: 819px) 100vw, 819px\" \/><\/a><\/figure><div class=\"wp-block-media-text__content\">\n<h2 class=\"wp-block-heading has-black-color has-text-color has-link-color wp-elements-769a8a9a77d529a30e2c9a3ea7823dec\"><a href=\"https:\/\/mensagensperdidas.com\/index.php\/uma-breve-historia-da-burocracia\/\" data-type=\"page\" data-id=\"1166\">Uma Breve Hist\u00f3ria da Burocracia<\/a><\/h2>\n<\/div><\/div>\n\n\n\n<p><\/p>\n\n\n\n<div class=\"wp-block-media-text is-stacked-on-mobile\" style=\"grid-template-columns:36% auto\"><figure class=\"wp-block-media-text__media\"><a href=\"https:\/\/mensagensperdidas.com\/index.php\/barba-grande\/\"><img loading=\"lazy\" decoding=\"async\" width=\"819\" height=\"1024\" src=\"https:\/\/mensagensperdidas.com\/wp-content\/uploads\/2026\/04\/Contos-Esquecidos-819x1024.jpg\" alt=\"\" class=\"wp-image-1487 size-full\" srcset=\"https:\/\/mensagensperdidas.com\/wp-content\/uploads\/2026\/04\/Contos-Esquecidos-819x1024.jpg 819w, https:\/\/mensagensperdidas.com\/wp-content\/uploads\/2026\/04\/Contos-Esquecidos-240x300.jpg 240w, https:\/\/mensagensperdidas.com\/wp-content\/uploads\/2026\/04\/Contos-Esquecidos-768x960.jpg 768w, https:\/\/mensagensperdidas.com\/wp-content\/uploads\/2026\/04\/Contos-Esquecidos.jpg 1080w\" sizes=\"(max-width: 819px) 100vw, 819px\" \/><\/a><\/figure><div class=\"wp-block-media-text__content\">\n<h2 class=\"wp-block-heading has-ast-global-color-7-color has-text-color has-link-color wp-elements-22862531305b651cb641c006d0068432\"><a href=\"https:\/\/mensagensperdidas.com\/index.php\/barba-grande\/\" data-type=\"page\" data-id=\"1333\">Barba Grande<\/a><\/h2>\n<\/div><\/div>\n","protected":false},"excerpt":{"rendered":"<p>Etterbelle Deve Ser Livre O Homem Especial Apenas uma Quest\u00e3o Burocr\u00e1tica O Objeto no C\u00e9u O Funeral Um Caso Inquietante O Vigia da Biblioteca Fim de Expediente Uma Breve Hist\u00f3ria da Burocracia Barba Grande<\/p>\n","protected":false},"author":1,"featured_media":0,"parent":0,"menu_order":0,"comment_status":"closed","ping_status":"closed","template":"","meta":{"site-sidebar-layout":"default","site-content-layout":"","ast-site-content-layout":"default","site-content-style":"default","site-sidebar-style":"default","ast-global-header-display":"","ast-banner-title-visibility":"","ast-main-header-display":"","ast-hfb-above-header-display":"","ast-hfb-below-header-display":"","ast-hfb-mobile-header-display":"","site-post-title":"","ast-breadcrumbs-content":"","ast-featured-img":"","footer-sml-layout":"","ast-disable-related-posts":"","theme-transparent-header-meta":"","adv-header-id-meta":"","stick-header-meta":"","header-above-stick-meta":"","header-main-stick-meta":"","header-below-stick-meta":"","astra-migrate-meta-layouts":"default","ast-page-background-enabled":"default","ast-page-background-meta":{"desktop":{"background-color":"var(--ast-global-color-4)","background-image":"","background-repeat":"repeat","background-position":"center center","background-size":"auto","background-attachment":"scroll","background-type":"","background-media":"","overlay-type":"","overlay-color":"","overlay-opacity":"","overlay-gradient":""},"tablet":{"background-color":"","background-image":"","background-repeat":"repeat","background-position":"center center","background-size":"auto","background-attachment":"scroll","background-type":"","background-media":"","overlay-type":"","overlay-color":"","overlay-opacity":"","overlay-gradient":""},"mobile":{"background-color":"","background-image":"","background-repeat":"repeat","background-position":"center center","background-size":"auto","background-attachment":"scroll","background-type":"","background-media":"","overlay-type":"","overlay-color":"","overlay-opacity":"","overlay-gradient":""}},"ast-content-background-meta":{"desktop":{"background-color":"var(--ast-global-color-5)","background-image":"","background-repeat":"repeat","background-position":"center center","background-size":"auto","background-attachment":"scroll","background-type":"","background-media":"","overlay-type":"","overlay-color":"","overlay-opacity":"","overlay-gradient":""},"tablet":{"background-color":"var(--ast-global-color-5)","background-image":"","background-repeat":"repeat","background-position":"center center","background-size":"auto","background-attachment":"scroll","background-type":"","background-media":"","overlay-type":"","overlay-color":"","overlay-opacity":"","overlay-gradient":""},"mobile":{"background-color":"var(--ast-global-color-5)","background-image":"","background-repeat":"repeat","background-position":"center center","background-size":"auto","background-attachment":"scroll","background-type":"","background-media":"","overlay-type":"","overlay-color":"","overlay-opacity":"","overlay-gradient":""}},"footnotes":""},"class_list":["post-92","page","type-page","status-publish","hentry"],"_links":{"self":[{"href":"https:\/\/mensagensperdidas.com\/index.php\/wp-json\/wp\/v2\/pages\/92","targetHints":{"allow":["GET"]}}],"collection":[{"href":"https:\/\/mensagensperdidas.com\/index.php\/wp-json\/wp\/v2\/pages"}],"about":[{"href":"https:\/\/mensagensperdidas.com\/index.php\/wp-json\/wp\/v2\/types\/page"}],"author":[{"embeddable":true,"href":"https:\/\/mensagensperdidas.com\/index.php\/wp-json\/wp\/v2\/users\/1"}],"replies":[{"embeddable":true,"href":"https:\/\/mensagensperdidas.com\/index.php\/wp-json\/wp\/v2\/comments?post=92"}],"version-history":[{"count":26,"href":"https:\/\/mensagensperdidas.com\/index.php\/wp-json\/wp\/v2\/pages\/92\/revisions"}],"predecessor-version":[{"id":1489,"href":"https:\/\/mensagensperdidas.com\/index.php\/wp-json\/wp\/v2\/pages\/92\/revisions\/1489"}],"wp:attachment":[{"href":"https:\/\/mensagensperdidas.com\/index.php\/wp-json\/wp\/v2\/media?parent=92"}],"curies":[{"name":"wp","href":"https:\/\/api.w.org\/{rel}","templated":true}]}}